r when 11135 is divided by 64.
63
Calculate the remainder when 438 is divided by 55.
53
Calculate the remainder when 13725 is divided by 39.
36
Calculate the remainder when 81 is divided by 5.
1
Calculate the remainder when 159 is divided by 77.
5
Calculate the remainder when 790 is divided by 99.
97
Calculate the remainder when 927 is divided by 235.
222
Calculate the remainder when 72 is divided by 55.
17
What is the remainder when 156 is divided by 32?
28
Calculate the remainder when 2570 is divided by 15.
5
What is the remainder when 333 is divided by 100?
33
What is the remainder when 138 is divided by 87?
51
Calculate the remainder when 127 is divided by 24.
7
What is the remainder when 742 is divided by 6?
4
Calculate the remainder when 642 is divided by 45.
12
What is the remainder when 155 is divided by 56?
43
Calculate the remainder when 250 is divided by 33.
19
Calculate the remainder when 2293 is divided by 50.
43
What is the remainder when 781 is divided by 101?
74
What is the remainder when 139 is divided by 63?
13
Calculate the remainder when 100 is divided by 64.
36
Calculate the remainder when 1412 is divided by 127.
15
Calculate the remainder when 16351 is divided by 13.
10
What is the remainder when 515 is divided by 67?
46
What is the remainder when 3329 is divided by 11?
7
Calculate the remainder when 70 is divided by 22.
4
Calculate the remainder when 185 is divided by 157.
28
Calculate the remainder when 156 is divided by 22.
2
What is the remainder when 119 is divided by 81?
38
Calculate the remainder when 936 is divided by 14.
12
What is the remainder when 403 is divided by 15?
13
What is the remainder when 637 is divided by 22?
21
Calculate the remainder when 71 is divided by 9.
8
What is the remainder when 44 is divided by 29?
15
What is the remainder when 11322 is divided by 15?
12
What is the remainder when 241 is divided by 73?
22
What is the remainder when 125 is divided by 7?
6
Calculate the remainder when 29 is divided by 4.
1
What is the remainder when 30 is divided by 4?
2
Calculate the remainder when 431 is divided by 27.
26
Calculate the remainder when 3686 is divided by 31.
28
What is the remainder when 1888 is divided by 134?
12
Calculate the remainder when 18906 is divided by 122.
118
Calculate the remainder when 110 is divided by 61.
49
What is the remainder when 521 is divided by 43?
5
What is the remainder when 886 is divided by 208?
54
What is the remainder when 539 is divided by 133?
7
What is the remainder when 387 is divided by 138?
111
Calculate the remainder when 129 is divided by 38.
15
What is the remainder when 530 is divided by 67?
61
Calculate the remainder when 57 is divided by 28.
1
Calculate the remainder when 343 is divided by 115.
113
What is the remainder when 683 is divided by 8?
3
Calculate the remainder when 301 is divided by 28.
21
Calculate the remainder when 457 is divided by 16.
9
Calculate the remainder when 62 is divided by 8.
6
What is the remainder when 1762 is divided by 1750?
12
What is the remainder when 198 is divided by 69?
60
Calculate the remainder when 180 is divided by 98.
82
What is the remainder when 4492 is divided by 42?
40
What is the remainder when 1793 is divided by 180?
173
Calculate the remainder when 362 is divided by 18.
2
What is the remainder when 2244 is divided by 160?
4
Calculate the remainder when 21 is divided by 11.
10
Calculate the remainder when 46 is divided by 24.
22
Calculate the remainder when 549 is divided by 11.
10
Calculate the remainder when 1475 is divided by 74.
69
Calculate the remainder when 781 is divided by 56.
53
What is the remainder when 596 is divided by 38?
26
Calculate the remainder when 730 is divided by 122.
120
Calculate the remainder when 287 is divided by 20.
7
Calculate the remainder when 4115 is divided by 21.
20
Calculate the remainder when 85 is divided by 11.
8
Calculate the remainder when 319 is divided by 4.
3
Calculate the remainder when 2589 is divided by 35.
34
Calculate the remainder when 944 is divided by 263.
155
What is the remainder when 8333 is divided by 149?
138
What is the remainder when 2930 is divided by 18?
14
Calculate the remainder when 191 is divided by 33.
26
What is the remainder when 411 is divided by 103?
102
Calculate the remainder when 3360 is divided by 82.
80
What is the remainder when 505 is divided by 35?
15
Calculate the remainder when 260 is divided by 53.
48
Calculate the remainder when 518 is divided by 40.
38
Calculate the remainder when 321 is divided by 17.
15
Calculate the remainder when 7601 is divided by 195.
191
Calculate the remainder when 2380 is divided by 22.
4
What is the remainder when 1454 is divided by 296?
270
Calculate the remainder when 544 is divided by 259.
26
What is the remainder when 620 is divided by 81?
53
Calculate the remainder when 620 is divided by 68.
8
Calculate the remainder when 3551 is divided by 14.
9
Calculate the remainder when 152 is divided by 21.
5
Calculate the remainder when 25 is divided by 15.
10
What is the remainder when 107 is divided by 57?
50
Calculate the remainder when 494 is divided by 83.
79
Calculate the remainder when 7546 is divided by 74.
72
Calculate the remainder when 189 is divided by 21.
0
What is the remainder when 179 is divided by 18?
17
Calculate the remainder when 220 is divided by 113.
107
What is the remainder when 258 is divided by 85?
3
Calculate the remainder when 1426 is divided by 40.
26
Calculate the remainder when 72 is divided by 31.
10
What is the remainder when 1012 is divided by 500?
12
What is the remainder when 778 is divided by 20?
18
Calculate the remainder when 6706 is divided by 19.
18
Calculate the remainder when 1173 is divided by 175.
123
What is the remainder when 729 is divided by 92?
85
Calculate the remainder when 574 is divided by 32.
30
Calculate the remainder when 45 is divided by 7.
3
What is the remainder when 1465 is divided by 67?
58
What is the remainder when 470 is divided by 129?
83
Calculate the remainder when 693 is divided by 174.
171
What is the remainder when 408 is divided by 83?
76
What is the remainder when 132 is divided by 19?
18
What is the remainder when 128 is divided by 22?
18
Calculate the remainder when 1000 is divided by 261.
217
What is the remainder when 393 is divided by 86?
49
Calculate the remainder when 511 is divided by 65.
56
What is the remainder when 42 is divided by 21?
0
Calculate the remainder when 161 is divided by 44.
29
What is the remainder when 562 is divided by 45?
22
Calculate the remainder when 44 is divided by 27.
17
Calculate the remainder when 98 is divided by 33.
32
What is the remainder when 1052 is divided by 31?
29
What is the remainder when 897 is divided by 146?
21
What is the remainder when 259 is divided by 65?
64
Calculate the remainder when 1498 is divided by 19.
16
Calculate the remainder when 33 is divided by 7.
5
Calculate the remainder when 1027 is divided by 280.
187
Calculate the remainder when 14759 is divided by 11.
8
What is the remainder when 707 is divided by 12?
11
What is the remainder when 941 is divided by 306?
23
Calculate the remainder when 117 is divided by 110.
7
Calculate the remainder when 412 is divided by 25.
12
What is the remainder when 196 is divided by 186?
10
Calculate the remainder when 5576 is divided by 133.
123
Calculate the remainder when 1178 is divided by 235.
3
Calculate the remainder when 335 is divided by 109.
8
What is the remainder when 4913 is divided by 10?
3
What is the remainder when 178 is divided by 9?
7
Calculate the remainder when 1054 is divided by 101.
44
Calculate the remainder when 1463 is divided by 148.
131
What is the remainder when 212 is divided by 9?
5
What is the remainder when 417 is divided by 28?
25
What is the remainder when 12639 is divided by 80?
79
What is the remainder when 747 is divided by 22?
21
What is the remainder when 799 is divided by 265?
4
What is the remainder when 4670 is divided by 123?
119
What is the remainder when 1289 is divided by 31?
18
Calculate the remainder when 8290 is divided by 143.
139
What is the remainder when 199 is divided by 20?
19
Calculate the remainder when 266 is divided by 124.
18
Calculate the remainder when 604 is divided 